git of 20360449?
4
What is the tens digit of 83725?
2
What is the hundred thousands digit of 5900076?
9
What is the tens digit of 185822?
2
What is the tens digit of 2508984?
8
What is the ten thousands digit of 6815754?
1
What is the hundreds digit of 819548?
5
What is the hundred thousands digit of 230284?
2
What is the thousands digit of 3949169?
9
What is the ten thousands digit of 277876?
7
What is the hundreds digit of 4223665?
6
What is the ten millions digit of 20318843?
2
What is the hundreds digit of 25044431?
4
What is the hundreds digit of 216041?
0
What is the hundred thousands digit of 287023?
2
What is the millions digit of 5782227?
5
What is the tens digit of 252066?
6
What is the hundred thousands digit of 1973218?
9
What is the hundreds digit of 6298492?
4
What is the tens digit of 31312200?
0
What is the tens digit of 109558?
5
What is the hundred thousands digit of 2230392?
2
What is the hundreds digit of 15860515?
5
What is the ten thousands digit of 397583?
9
What is the ten thousands digit of 2624029?
2
What is the tens digit of 6413340?
4
What is the units digit of 20582240?
0
What is the thousands digit of 97500?
7
What is the ten thousands digit of 4863992?
6
What is the units digit of 3635656?
6
What is the hundred thousands digit of 295596?
2
What is the hundred thousands digit of 4397666?
3
What is the thousands digit of 141866?
1
What is the units digit of 9912101?
1
What is the hundred thousands digit of 365511?
3
What is the thousands digit of 29826183?
6
What is the ten thousands digit of 33034085?
3
What is the tens digit of 7307?
0
What is the hundreds digit of 402241?
2
What is the millions digit of 12543732?
2
What is the tens digit of 3249239?
3
What is the thousands digit of 5607370?
7
What is the tens digit of 553180?
8
What is the thousands digit of 45100?
5
What is the hundred thousands digit of 14201156?
2
What is the ten thousands digit of 1208610?
0
What is the tens digit of 1967704?
0
What is the hundreds digit of 282342?
3
What is the thousands digit of 3260201?
0
What is the hundred thousands digit of 1073262?
0
What is the units digit of 1012567?
7
What is the millions digit of 1467805?
1
What is the hundreds digit of 5037722?
7
What is the thousands digit of 10704492?
4
What is the thousands digit of 9317689?
7
What is the thousands digit of 1607345?
7
What is the tens digit of 1516417?
1
What is the thousands digit of 1454894?
4
What is the hundred thousands digit of 616633?
6
What is the hundred thousands digit of 2935884?
9
What is the thousands digit of 313973?
3
What is the millions digit of 2021370?
2
What is the ten thousands digit of 1037694?
3
What is the units digit of 418241?
1
What is the thousands digit of 280896?
0
What is the hundred thousands digit of 601895?
6
What is the tens digit of 3914627?
2
What is the hundred thousands digit of 9571279?
5
What is the hundreds digit of 450784?
7
What is the hundreds digit of 3533327?
3
What is the ten thousands digit of 1180588?
8
What is the hundred thousands digit of 826906?
8
What is the tens digit of 200653?
5
What is the thousands digit of 231481?
1
What is the tens digit of 71613?
1
What is the hundreds digit of 8336?
3
What is the ten thousands digit of 90398?
9
What is the thousands digit of 173292?
3
What is the tens digit of 1105819?
1
What is the hundred thousands digit of 1555220?
5
What is the tens digit of 7770678?
7
What is the hundreds digit of 1481007?
0
What is the hundreds digit of 5484107?
1
What is the thousands digit of 20386?
0
What is the thousands digit of 189485?
9
What is the millions digit of 1182895?
1
What is the hundreds digit of 1856169?
1
What is the hundreds digit of 1845096?
0
What is the hundreds digit of 14704?
7
What is the hundred thousands digit of 1908744?
9
What is the tens digit of 62852?
5
What is the tens digit of 19359617?
1
What is the units digit of 173558?
8
What is the ten thousands digit of 128673?
2
What is the thousands digit of 835546?
5
What is the hundred thousands digit of 2674751?
6
What is the thousands digit of 304706?
4
What is the hundreds digit of 169108?
1
What is the thousands digit of 1751568?
1
What is the hundreds digit of 3912926?
9
What is the ten thousands digit of 9468941?
6
What is the hundred thousands digit of 512132?
5
What is the tens digit of 270904?
0
What is the hundreds digit of 4954299?
2
What is the tens digit of 391152?
5
What is the tens digit of 2121855?
5
What is the millions digit of 1081431?
1
What is the thousands digit of 2310442?
0
What is the hundred thousands digit of 392507?
3
What is the hundreds digit of 68986?
9
What is the tens digit of 1889647?
4
What is the millions digit of 3112955?
3
What is the hundreds digit of 6023896?
8
What is the thousands digit of 6964156?
4
What is the ten thousands digit of 13379509?
7
What is the ten thousands digit of 7560750?
6
What is the tens digit of 5411917?
1
What is the ten thousands digit of 1169460?
6
What is the ten thousands digit of 7650629?
5
What is the thousands digit of 2365597?
5
What is the units digit of 3566689?
9
What is the units digit of 10735946?
6
What is the ten thousands digit of 201086?
0
What is the units digit of 494179?
9
What is the ten thousands digit of 116985?
1
What is the hundred thousands digit of 2572568?
5
What is the hundreds digit of 447054?
0
What is the thousands digit of 581205?
1
What is the hundreds digit of 3315361?
3
What is the hundreds digit of 6986311?
3
What is the ten thousands digit of 1174178?
7
What is the ten thousands digit of 14340503?
4
What is the tens digit of 2595607?
0
What is the units digit of 94604?
4
What is the tens digit of 231569?
6
What is the units digit of 555328?
8
What is the ten thousands digit of 1764557?
6
What is the units digit of 11260341?
1
What is the ten thousands digit of 630491?
3
What is the units digit of 21299764?
4
What is the ten thousands digit of 4037551?
3
What is the thousands digit of 3352602?
2
What is the units digit of 1103589?
9
What is the tens digit of 2241464?
6
What is the ten millions digit of 26492036?
2
What is the ten thousands digit of 20173714?
7
What is the ten thousands digit of 23249?
2
What is the thousands digit of 454297?
4
What is the tens digit of 821539?
3
What is the tens digit of 2685520?
2
What is the hundred thousands digit of 859918?
8
What is the units digit of 9027137?
7
What is the thousands digit of 4762426?
2
What is the thousands digit of 765433?
5
What is the units digit of 180697?
7
What is the ten thousands digit of 3143404?
4
What is the tens digit of 6880?
8
What is the units digit of 321330?
0
What is the ten thousands digit of 2194945?
9
What is the hundreds digit of 33057507?
5
What is the hundreds digit of 4217303?
3
What is the thousands digit of 1012914?
2
What is the units digit of 416283?
3
What is the hundred thousands digit of 358222?
3
What is the thousands digit of 9579428?
9
What is the ten thousands digit of 110298?
1
What is the thousands digit of 3600912?
0
What is the tens digit of 3733989?
8
What is the tens digit of 584311?
1
What is the thousands digit of 944701?
4
What is the thousands digit of 6206955?
6
What is the units digit of 345048?
8
What is the units digit of 2093341?
1
What is the millions digit of 2976549?
2
What is the hundreds digit of 1870300?
3
What is the tens digit of 4184003?
0
What is the tens digit of 49802?
0
What is the ten thousands digit of 3013183?
1
What is the tens digit of 5725781?
8
What is the tens digit of 397174?
7
What is the hundreds digit of 54699?
6
What is the ten thousands digit of 104881?
0
What is the tens digit of 4918320?
2
What is the tens digit of 71381?
8
What is the tens digit of 875650?
5
What is the units digit of 132587?
7
What is the thousands digit of 289183?
9
What is the millions digit of 20157750?
0
What is the tens digit of 386404?
0
What is the hundred thousands digit of 277049?
2
What is the thousands digit of 4555160?
5
What is the thousands digit of 9575?
9
What is the ten millions digit of 11920400?
1
What is the hundred thousands digit of 29076261?
0
What is the units digit of 14442798?
8
What is the units digit of 217768?
8
What is the ten thousands digit of 16794767?
9
What is the thousan